*2 - 4 - 5*y**2 + 4*y**2 - 7*y**2. Suppose 0 = f + 8 - 31. Suppose -w - 2*b + 10 = 0, 6*w - w - f = -b. Give h(w).
8
Let w(y) be the first derivative of -y**2 - 2*y + 25. Suppose b + 4*b + 5*v = -25, 0 = 3*v + 9. Let s be 3 + (b + 2)/(-2). Give w(s).
-8
Let n be (-12)/3*(-2)/((-8)/(-3)). Suppose 2*j + 0 = 5*q + 1, -q = j + n. Let c(b) = 2*b**2 - b + 1. Give c(j).
11
Let p(o) = 6 - 5*o**2 + o**2 + o**2 + o**2. Let s be p(-2). Let t(m) = 2*m**3 + 3*m**2 + m + 1. What is t(s)?
-5
Let q(j) be the second derivative of j**6/120 + j**5/30 + j**4/12 - 39*j**2/2 + 33*j. Let f(a) be the first derivative of q(a). Calculate f(-3).
-15
Let r be ((-36)/24*2)/(-1). Let m(k) be the first derivative of -k**2 + 3*k + 3. Calculate m(r).
-3
Let r = 85 - 239. Let c be r/(-42) - 4/(-3). Let b(g) = -g**3 + 4*g**2 + 8*g - 5. Determine b(c).
10
Let l(k) = k**2 - 7*k + 9. Let y be l(4). Let c(w) be the second derivative of w**4/12 + w**2/2 + 3*w. Determine c(y).
10
Let u(p) be the second derivative of -p**4/12 - 4*p**3/3 - 15*p**2/2 + 2*p - 2. Calculate u(-6).
-3
Let n(x) = x**3 + 3 + 11*x - x + 0 - 10*x**2. Let f(p) = p**2 - p. Let u(q) = -3*f(q) - n(q). Suppose -c + 2*i - 5 = -1, 5*c + i = 35. Calculate u(c).
-9
Let w(c) be the first derivative of c**3/3 + 3*c**2 + 2*c + 255. Calculate w(-6).
2
Let l be (-4)/(-14) + 36/21. Suppose -l = j + 3. Let f(o) = o**2 + 2*o - 3. Let r(m) = -m**2 - 3*m + 2. Let y(g) = -3*f(g) - 4*r(g). Determine y(j).
-4
Let x(o) be the third derivative of -o**6/120 - o**5/5 + 7*o**4/12 + 3*o**3 - 120*o**2. Give x(-13).
5
Let x(v) = -4*v**2 - 14*v - 1. Let f(g) = -g**2 - 4*g. Let m(o) = 7*f(o) - 2*x(o). Determine m(-3).
11
Let q(c) = -c - 12. Let h be 13/((-130)/40) - 1/(-1). Give q(h).
-9
Let p(z) = -z**2 + 8*z - 9. Let u(c) be the third derivative of -c**4/12 - 7*c**3/6 - 15*c**2. Let q be u(-7). Calculate p(q).
-2
Suppose 5*k = -2*f + 41, 2*f + k - 69 = -32. Let d(y) = -y**2 + 16*y + 34. Give d(f).
-2
Let h(j) = j**3 - 4*j**2 + 2*j - 6. Let l be h(4). Suppose -5*d + l*d - 18 = 0. Let v(c) = c**2 + 8*c + 4. What is v(d)?
-8
Let u(c) = -1 - 214*c**2 + 440*c**2 + 6 - 221*c**2 - c**3 + 5*c. What is u(6)?
-1
Let d(s) = 2*s + 2. Let m be d(-2). Let c be (m/(-3))/((-10)/(-45)). Let y(g) = g - 3. What is y(c)?
0
Let i(b) = -6*b**2 + 4*b - 12. Suppose -1 - 95 = 16*q. Let m(g) = -7*g**2 + 4*g - 13. Let v(l) = q*i(l) + 5*m(l). What is v(6)?
19
Let v(a) = 5*a - 6. Let d(p) = p**3 + 14*p**2 - 2*p - 26. Let o be d(-14). Let q be v(o). Let y(l) be the first derivative of l**2 - 6*l + 1. Give y(q).
2
Let p(o) = -3*o - 1. Let r(k) = -3*k. Suppose -5*z = -3*b - 9, 4*b + 2 = 10. Let i(h) = z*p(h) - 4*r(h). Determine i(-3).
-12
Let k(c) = -c + 7. Suppose -23 = 3*t - 8. Let w(x) = -x**2 - 5*x + 10. Let g be w(t). Let l be k(g). Let j(a) = -a**3 - 4*a**2. Determine j(l).
-9
Let z(q) be the first derivative of 5*q**2/2 + 10*q + 359. Give z(-9).
-35
Suppose -4*o = 2*a + 2*a - 8, a = -4*o - 4. Let d(r) = -2 - 6*r - 1 + 1 + 1. Calculate d(o).
11
Let z(q) = -q + 3. Let h(p) = p - 4. Let v(i) = -4*h(i) - 3*z(i). Let k = 0 - -8. What is v(k)?
-1
Let f(h) = 33*h + 14 - 6 - 25*h - h**2 - 21. Determine f(7).
-6
Let y = 0 + -6. Let i(o) = 12*o + 13. Let z be i(3). Let q(w) = z*w - 6 - 23*w - 27*w. What is q(y)?
0
Let o(w) = -w**3 - 3. Let c(q) = -2*q**3 + q - 6. Let m(x) = -2*c(x) + 5*o(x). Determine m(-2).
9
Let j(y) = 9*y**2. Let x = -878 - -877. What is j(x)?
9
Let n(o) be the second derivative of o**4/12 + 5*o**3/6 + o**2/2 - 507*o. Give n(-3).
-5
Let c(s) = -4*s - 2. Let p(h) = h**2 - 3*h + 2. Let y(x) = x**2 + x + 3. Let t be y(0). Let z be p(t). Let v be 52/65*(-5)/z. Calculate c(v).
6
Let g be (0 - 2) + 1 + -1. Let h be (g - 0/(-2))/(-1). Let u(z) = 3*z**3 - h*z**3 - 334*z + 337*z + 6 + 5*z**2. Give u(-5).
-9
Let q(n) = 5*n - 32*n**2 + 7 - n**3 + 4*n**2 + 24*n**2. Calculate q(-5).
7
Let r(u) = u**3 - 6*u**2 - 13*u + 6. Let o(q) = -4*q**3 + 23*q**2 + 53*q - 23. Let f(x) = 2*o(x) + 9*r(x). Give f(9).
-10
Suppose -62*s + 43*s - 133 = 0. Let l(r) be the first derivative of -9/2*r**2 - 1 - 1/3*r**3 - 10*r. What is l(s)?
4
Let z(j) = -j + 1. Let f(v) = -7*v - 6. Let g(y) = -f(y) + 6*z(y). Let q be 720/216*(-9)/5. Calculate g(q).
6
Let v(y) = -y**2 + 9*y - 6. Let q be v(7). Suppose -6*o + 2*n - 20 = -2*o, 0 = 4*n - q. Let l(m) = m**2 + 7*m - 3. Determine l(o).
-15
Let j(n) = 16*n + 0 + 22*n + 3 - 42*n. Give j(-3).
15
Let d(z) be the first derivative of 4*z - 3*z**2 - 1/3*z**3 - 2. Suppose 4*h = -3*s - 35, 0 = -2*s - 13 + 3. What is d(h)?
9
Let m(y) = 3*y**2 + 34*y - 70. Let o(k) = 17*k**2 + 170*k - 352. Let b(z) = -11*m(z) + 2*o(z). Give b(32).
2
Let p be (2 - 4)/(6/15)*-4. Let d be p/8*8/10. Let k(l) = l - 1. Determine k(d).
1
Let c(b) = 5*b**3 - 10*b**2 + b - 20. Let s(m) = -2*m**3 + 4*m**2 + 7. Let a(n) = -3*c(n) - 8*s(n). Suppose x - 6 = -x. Determine a(x).
4
Let r = 85 + -60. Suppose -2*o = -x + 17, 0*x - x + r = -3*o. Let z(i) = i + 7. Give z(o).
-1
Let i(l) be the third derivative of -1/120*l**6 + 1/24*l**4 + 0 - 7/3*l**3 - 5*l**2 + 1/60*l**5 + 0*l. Calculate i(0).
-14
Let a(d) = -5*d**2 + d - 9. Let r(l) = 14*l**2 - 2*l + 26. Let s(b) = 11*a(b) + 4*r(b). Determine s(-2).
3
Let b(d) = 3*d**3 - 6*d**2 - 2*d - 3. Let r(i) = -10*i**3 + 19*i**2 + 5*i + 10. Let t(z) = -7*b(z) - 2*r(z). Let o = -64 - -69. Give t(o).
-4
Let g be 0 - 2/(-2) - -1. Suppose -4*o + 10 = -4*z + g*z, -13 = -z - 4*o. Let w(p) be the second derivative of 9*p**5/20 - p**2/2 + 1299*p. Calculate w(z).
8
Let j = -53 + 48. Let r(z) = 5*z + 11. Let h(p) = 6*p + 12. Let a(o) = j*r(o) + 4*h(o). Calculate a(-5).
-2
Let v be ((0/5)/(-1))/(1/(-1)). Let y(t) = t**2 - 2*t + 3. Calculate y(v).
3
Let d(p) = p**2 + p. Let k(r) = -r**3 - 14*r**2 - 20*r - 44. Let y(c) = -6*d(c) - k(c). What is y(-7)?
-5
Let z(q) be the third derivative of -q**4/8 - 5*q**3/2 - 818*q**2. What is z(-8)?
9
Let j(v) = v**2 + v - 4. Let h(u) = -u + 10. Let w = 22 + -16. Let x be h(w). Let f be x/6 - 16/24. Determine j(f).
-4
Let d(f) = -20*f**2 - 1. Let x(k) = -k**3 + 4*k**2 + 4*k + 6. Let j be x(5). Calculate d(j).
-21
Let h(d) be the second derivative of -5/2*d**2 - 1/6*d**3 + 0 - 12*d. Determine h(-9).
4
Let m(v) = -v**3 - 10*v**2 - 9*v + 10. Let o = 71 + -80. What is m(o)?
10
Let l(n) = 4*n + 1. Let o(j) = 7*j + 3. Let w(x) = 5*l(x) - 3*o(x). Let r = -9 - -13. Suppose 0*h - 16 = r*h. Calculate w(h).
0
Suppose -3*v = 2 + 10. Let r(a) = -7*a + 8. Let x(w) = 13*w - 17. Let f(h) = -7*r(h) - 4*x(h). Let i(s) = -s + 1. Let l(k) = -f(k) + 4*i(k). What is l(v)?
-4
Let h(m) = -m**2 + 9*m + 17. Let w be (-2)/2*130/13*-1. Let v be h(w). Let k(i) = i. What is k(v)?
7
Let j(l) = 3*l**2 + 1. Let i(u) = u**2. Let d be (3 - (-11)/(-2))/((-5)/4). Suppose -h + 1 = 6. Let r(t) = d*j(t) + h*i(t). Calculate r(0).
2
Let g = -43 + 46. Suppose -4 = -p - 3*p. Let t(d) = 3*d**2 + 15*d - 13*d - 4 + p - 4*d**2. What is t(g)?
-6
Suppose 3*x + 1 = 4*x. Let y(k) = 3*k - 2 + x - 3*k - 6*k. Determine y(1).
-7
Let m(p) be the first derivative of 7 + 2/3*p**3 + 1/12*p**4 + 0*p**2 + 5*p. Let x(v) be the first derivative of m(v). Give x(-3).
-3
Let q(z) = -z + 2. Suppose 0 = 5*p - 1 - 19. Let v(k) = k**2 - 5*k + 6. Let y be v(p). What is q(y)?
0
Let d(a) = 5*a - 20. Let h(m) be the third derivative of -m**4/6 + 3*m**3 - 2*m**2. Let k(s) = 3*d(s) + 4*h(s). Calculate k(5).
7
Let b(p) = -3*p**2 + 1057*p - 1 - 3*p**2 - 1055*p. Determine b(2).
-21
Let x(l) = 2*l**3 + 3*l**2 + 2*l + 16. Let q be x(-3). Let w(y) = -y**3 - 18*y**2 - 17*y. What is w(q)?
0
Let c be (10/6 + -1)*12. Let d(z) = z**3 + z. Let u = 89 + -88. Let a(k) = 5*k**3 - 9*k**2 + 11*k + 11. Let j(o) = u*a(o) - 4*d(o). Give j(c).
3
Let y(v) = 2*v + 5*v + 0*v + 47 - 4*v - 49. Determine y(1).
1
Let n(m) = m + 2. Let v(r) = r**3 + r**2 - 12*r + 4. Let j be v(3). Suppose -j*z = 4*c + 4, 6 + 1 = -3*c - 4*z. Calculate n(c).
5
Let j(p) = -p**3 + 3*p**2 + 24*p - 7. Let f(y) = -y**3 + 3*y**2 + 27*y - 8. Let c(x) = -6*f(x) + 7*j(x). What is c(5)?
-21
Let f(p) = 21*p**3 + p - 1. Let y be ((-8)/(-6))/((40/6)/5). What is f(y)?
21
Let s(b) = b**2 - 8*b - 13. Let f be s(10). Suppose f*g + 5*g = -12. Let r(v) = 10*v**3 - v**2 - 2*v - 1. What is r(g)?
-10
Let p(m) = 4*m**2 + 6 + 4 - 5*m**2 - 2 + 6*m. Let g = -6 - -5. Let n = 